37
What is the highest common factor of 90917599 and 94?
47
Calculate the highest common divisor of 48336 and 131802096.
2544
Calculate the greatest common factor of 714021 and 623392.
847
Calculate the highest common divisor of 1080151185 and 23.
23
What is the highest common divisor of 5133 and 5240909?
29
Calculate the greatest common factor of 33411 and 28423.
43
Calculate the highest common divisor of 2762 and 1501707686.
2762
Calculate the highest common divisor of 4140 and 7731450.
2070
What is the greatest common factor of 11904 and 997704?
744
What is the highest common factor of 6416 and 123107?
401
What is the greatest common divisor of 174 and 9390490?
58
Calculate the greatest common divisor of 12327543 and 27.
9
What is the highest common divisor of 114404286 and 14304?
894
What is the greatest common factor of 70 and 20520550?
10
What is the greatest common factor of 50211586 and 58?
58
Calculate the highest common factor of 611758 and 3998866.
2362
Calculate the highest common factor of 3886 and 470380.
58
Calculate the highest common factor of 111 and 45599910.
111
Calculate the highest common factor of 3904 and 1838698112.
3904
What is the highest common divisor of 246580226 and 2164?
1082
Calculate the greatest common factor of 2948 and 866580.
44
What is the greatest common factor of 265760 and 2585?
55
Calculate the greatest common divisor of 48669361 and 143.
13
Calculate the greatest common divisor of 26602 and 3326382.
566
Calculate the greatest common factor of 624928 and 1983352.
2648
What is the highest common factor of 30 and 619075750?
10
Calculate the greatest common factor of 731163 and 1447761.
2913
What is the greatest common divisor of 3075 and 30112450?
1025
Calculate the highest common divisor of 278 and 94728361.
139
Calculate the greatest common factor of 1651100 and 56925.
275
Calculate the highest common divisor of 10074935 and 4225.
845
What is the highest common factor of 90057097 and 11557?
1651
Calculate the highest common factor of 2547248 and 1.
1
What is the highest common divisor of 6475 and 378000?
175
Calculate the greatest common divisor of 112 and 246143728.
16
Calculate the highest common divisor of 4786395 and 900.
15
What is the greatest common divisor of 4405 and 80089067?
881
Calculate the highest common divisor of 38325150 and 1296.
162
What is the highest common factor of 98716 and 3841?
23
Calculate the highest common factor of 280 and 24933720.
280
Calculate the greatest common divisor of 133682584 and 224.
56
What is the highest common factor of 26386 and 16748?
158
Calculate the highest common divisor of 4109 and 683039.
7
Calculate the highest common divisor of 130 and 8962430.
10
What is the highest common divisor of 3091940 and 2620?
20
Calculate the greatest common factor of 16579152 and 48.
48
Calculate the highest common divisor of 30865 and 3245.
5
Calculate the highest common factor of 2852407 and 1537.
53
What is the highest common divisor of 1774231 and 35434?
2531
What is the highest common divisor of 3727 and 726041962?
3727
Calculate the greatest common factor of 27289708 and 1177.
107
What is the highest common factor of 21877552 and 3392?
848
What is the greatest common divisor of 26204807 and 1403?
61
Calculate the greatest common factor of 17644653 and 36567.
2151
Calculate the highest common factor of 133216 and 1219216.
2896
Calculate the highest common divisor of 9651669 and 2034.
339
Calculate the greatest common factor of 311149960 and 352.
88
Calculate the highest common factor of 940031904 and 1344.
672
What is the highest common divisor of 59655 and 438495?
615
Calculate the highest common factor of 98434 and 165718.
1246
What is the greatest common divisor of 348219 and 24057?
243
Calculate the greatest common divisor of 322 and 287841918.
322
What is the highest common factor of 292957972 and 21776?
5444
Calculate the greatest common divisor of 63714 and 1650824.
574
What is the greatest common divisor of 1714 and 12446?
2
What is the greatest common divisor of 41184 and 3804768?
3168
What is the highest common factor of 460639220 and 430?
430
Calculate the highest common factor of 17568 and 127032.
24
What is the greatest common factor of 434135104 and 247?
247
What is the highest common factor of 52 and 66634516?
52
What is the greatest common divisor of 403 and 24029681?
403
Calculate the highest common factor of 679690 and 148225.
55
What is the highest common divisor of 7723595 and 1045?
1045
Calculate the highest common factor of 5163709760 and 160.
160
Calculate the highest common divisor of 473 and 1293314.
11
Calculate the highest common divisor of 5642949 and 9110907.
10023
What is the highest common divisor of 141 and 45416852?
47
Calculate the highest common factor of 36 and 136464.
12
Calculate the highest common divisor of 18723855 and 4635.
1545
What is the highest common factor of 1220 and 4760135?
305
What is the greatest common factor of 20669714 and 182?
26
What is the greatest common factor of 7569 and 39906291?
2523
Calculate the greatest common factor of 512 and 135889856.
64
Calculate the highest common factor of 4 and 14746536.
4
What is the greatest common factor of 1070460 and 711?
9
What is the highest common divisor of 4805 and 8055815?
155
Calculate the highest common divisor of 27716 and 13693732.
676
What is the greatest common factor of 81909038 and 418?
38
What is the highest common divisor of 83079 and 237276?
27
What is the greatest common divisor of 447 and 65138181?
447
Calculate the highest common factor of 36404 and 5145352.
76
What is the highest common divisor of 28748413 and 69?
23
Calculate the greatest common factor of 8270040 and 680.
40
What is the greatest common divisor of 726 and 21825496?
242
Calculate the highest common divisor of 58502660 and 14030.
610
What is the highest common divisor of 20260 and 6830?
10
Calculate the highest common factor of 100656 and 47592.
72
What is the greatest common factor of 1332 and 13268385?
333
Calculate the greatest common factor of 600 and 163312248.
24
Calculate the highest common factor of 5833 and 175009.
19
Calculate the greatest common factor of 539672 and 92092.
644
What is the greatest common factor of 144 and 43595082?
18
Calculate the highest common divisor of 4502562 and 1431.
159
Calculate the greatest common divisor of 2299 and 2497968.
209
Calculate the highest common divisor of 267651 and 158838.
69
Calculate the highest common factor of 53396548 and 7512.
1252
What is the greatest common divisor of 101544 and 9784?
8
What is the highest common divisor of 1018409 and 63?
7
Calculate the highest common factor of 4917 and 285021.
33
Calculate the highest common divisor of 505 and 12976985.
505
Calculate the highest common factor of 63 and 77372631.
63
What is the highest common divisor of 8 and 5418628?
4
Calculate the highest common factor of 56 and 3078552.
8
What is the highest common divisor of 28860 and 194916?
444
Calculate the greatest common divisor of 23738519 and 5432.
679
What is the highest common factor of 68 and 80535256?
68
What is the highest common factor of 4220061 and 31?
31
What is the highest common factor of 27166527 and 113175?
4527
What is the greatest common factor of 318636 and 6676092?
1908
What is the greatest common divisor of 536 and 49687267?
67
What is the highest common factor of 70572 and 1056?
12
Calculate the highest common divisor of 2589111 and 171.
171
What is the highest common divisor of 3 and 49669983?
3
What is the greatest common divisor of 1954224 and 537?
3
What is the highest common divisor of 649163418 and 1494?
498
What is the greatest common divisor of 6112531 and 336817?
1993
What is the greatest common divisor of 21 and 26691469?
7
Calculate the greatest common divisor of 62 and 1479628450.
62
Calculate the greatest common divisor of 58366 and 86997176.
5306
What is the greatest common factor of 69509 and 62122?
89
Calculate the greatest common divisor of 71255 and 55.
5
Calculate the greatest common factor of 24983 and 305859.
43
What is the greatest common divisor of 8988264 and 5301?
279
What is the highest common divisor of 492181474 and 74?
74
Calculate the greatest common divisor of 331164 and 2